, what is -23496 - -2?
-23494
In base 9, what is 368342 + -8?
368333
In base 13, what is 7 - 1c8ba?
-1c8b3
In base 9, what is 7 - 13413?
-13405
In base 12, what is 6 + 19a2?
19a8
In base 4, what is -11120 - 202220?
-220000
In base 11, what is -1 - 538a1?
-538a2
In base 2, what is 110111000 + 10?
110111010
In base 16, what is d - 2b7?
-2aa
In base 9, what is -64204 + 0?
-64204
In base 10, what is 41677 + 0?
41677
In base 10, what is 8 - 5362?
-5354
In base 14, what is 5 - -43c34?
43c39
In base 3, what is 1110 + -2120111110?
-2120110000
In base 9, what is 210 - -556?
766
In base 12, what is 5 + -2b186?
-2b181
In base 3, what is -102120 - -2202222?
2100102
In base 16, what is 5e9a - 5?
5e95
In base 2, what is 1001111011001110 + 101?
1001111011010011
In base 9, what is -135 - -13074?
12838
In base 5, what is 2210 - 14022?
-11312
In base 13, what is -10 + -6b3c?
-6b4c
In base 4, what is 1223130 + 1101?
1230231
In base 16, what is b - 105e?
-1053
In base 9, what is -46854 + 3?
-46851
In base 16, what is -3 - 486b?
-486e
In base 3, what is 2 + -1010120001122?
-1010120001120
In base 4, what is 33133 + 113?
33312
In base 8, what is -662 - 57?
-741
In base 2, what is -110 - 11011?
-100001
In base 11, what is -344 + -22a?
-573
In base 10, what is 8 + -35621?
-35613
In base 2, what is 1001110001001 - 100?
1001110000101
In base 12, what is -1b53 + -165?
-20b8
In base 12, what is 5 - -299a65?
299a6a
In base 3, what is 1000021 - 21110?
201211
In base 3, what is 12 - 120202122?
-120202110
In base 2, what is 101110011111 + 11101110010?
1001100010001
In base 6, what is -10 - -1412?
1402
In base 11, what is 18 + 12365?
12382
In base 14, what is 389 - -323?
6ac
In base 15, what is 11 - 92e5?
-92d4
In base 8, what is -62431 - -13?
-62416
In base 12, what is 544 + 19?
561
In base 2, what is 1010100101011000110 - -10?
1010100101011001000
In base 13, what is 4656 - -c4?
474a
In base 12, what is 3 - 4b6576?
-4b6573
In base 7, what is -2 + 205611?
205606
In base 16, what is 2579 + -1?
2578
In base 3, what is 1 + -100210010110?
-100210010102
In base 3, what is 101020 - -1012?
102102
In base 4, what is 3 - 2303122331?
-2303122322
In base 5, what is 422211312 + 2?
422211314
In base 4, what is 1202 + 1020220?
1022022
In base 14, what is a01 - 2?
9dd
In base 8, what is -1526 - 2117?
-3645
In base 5, what is 121 + 114331?
120002
In base 7, what is -2 - -251340?
251335
In base 13, what is -5a2 - 5ab?
-b80
In base 14, what is -3 - 2237?
-223a
In base 16, what is -2 - -1537?
1535
In base 14, what is -7bc - -abd?
301
In base 16, what is -8750c0 - 0?
-8750c0
In base 9, what is 37416 + -4?
37412
In base 9, what is 8726 + -103?
8623
In base 8, what is -716120 - 23?
-716143
In base 10, what is -4 - 3075?
-3079
In base 7, what is 60312520 - 3?
60312514
In base 14, what is -3 - -71bb?
71b8
In base 9, what is -1620655 + 4?
-1620651
In base 9, what is -18577 + -25?
-18613
In base 11, what is -42 - -1388?
1346
In base 16, what is 1256 - -4?
125a
In base 10, what is 10325 + 4?
10329
In base 11, what is 4a32 - 47?
4996
In base 9, what is -1 + -57234?
-57235
In base 12, what is 0 - -1a775?
1a775
In base 4, what is 3 + 133200032?
133200101
In base 7, what is 2 + -1232333?
-1232331
In base 3, what is 2222111200022 + 1?
2222111200100
In base 10, what is -60 + -1580?
-1640
In base 16, what is 1 + -308c?
-308b
In base 15, what is 2 + 2302c?
2302e
In base 2, what is -1010111 - -10110010001100001?
10110010000001010
In base 2, what is -110101000010110110011 + -10?
-110101000010110110101
In base 5, what is -4 + -2114333?
-2114342
In base 13, what is -1 - -2c48?
2c47
In base 8, what is 22 - 3771?
-3747
In base 6, what is -4 - -33155253?
33155245
In base 10, what is 3540813 + -5?
3540808
In base 12, what is 8 + -10007?
-bbbb
In base 11, what is 13110 + -8?
13103
In base 9, what is 106045 - 1?
106044
In base 14, what is -3 - -45a6?
45a3
In base 8, what is -70116 - 1?
-70117
In base 6, what is 53 + 12451?
12544
In base 7, what is 0 + -1035002?
-1035002
In base 12, what is 703 + 1118?
181b
In base 5, what is 3 + -320304022?
-320304014
In base 15, what is 98e - -13e?
acd
In base 8, what is 41 + -33246?
-33205
In base 11, what is -615 + -75?
-68a
In base 8, what is -164543 - -4?
-164537
In base 14, what is 2 + 414b?
414d
In base 12, what is 166 - -1a?
184
In base 8, what is -4 + 60547?
60543
In base 13, what is 1605 + -135?
14a0
In base 11, what is 1895 + -7?
1889
In base 16, what is -d + -5890?
-589d
In base 15, what is -1d062 + 7?
-1d05a
In base 4, what is -1102 - 1231?
-2333
In base 2, what is -10011111111 - 110111001?
-11010111000
In base 14, what is -10 - 1b2c?
-1b3c
In base 12, what is 454 - -594?
a28
In base 8, what is -3 - 6417?
-6422
In base 9, what is 7505632 - -1?
7505633
In base 11, what is -1754 + a84?
-780
In base 4, what is 100300101 - 1?
100300100
In base 10, what is -122789 - -16?
-122773
In base 11, what is 0 + -a51?
-a51
In base 11, what is -5 - -306501?
3064a7
In base 7, what is -42106 + -3?
-42112
In base 7, what is 13 - -3614?
3630
In base 4, what is -3231312 - 10?
-3231322
In base 15, what is -7 + 27d?
276
In base 10, what is -1 - -70093?
70092
In base 12, what is -2993 + 5?
-298a
In base 14, what is a + -23b2?
-23a6
In base 15, what is 14 - -c06a?
c07e
In base 14, what is 54ad - -33?
5502
In base 10, what is -3 + -9393?
-9396
In base 3, what is -211212212 - -110?
-211212102
In base 5, what is 3133231 - 203?
3133023
In base 13, what is a686 + -82?
a604
In base 8, what is 6 + 1173701?
1173707
In base 12, what is -2462b - 0?
-2462b
In base 4, what is 333123222 + 1?
333123223
In base 14, what is -4 + 13a9c?
13a98
In base 3, what is -1111012 + 10?
-1111002
In base 16, what is -4 - 3e24?
-3e28
In base 14, what is -1d734 + 4?
-1d730
In base 6, what is -14 - 11533121?
-11533135
In base 3, what is 102010 + -1021?
100212
In base 9, what is -1 - -637302?
637301
In base 10, what is -168908 - -10?
-168898
In base 2, what is 1 - -1010000111101?
1010000111110
In base 15, what is -4b + -51?
-9c
In base 6, what is 122 + -1102?
-540
In base 11, what is 521 + 77?
598
In base 4, what is -23 + 1231?
1202
In base 3, what is 0 - -211122120000?
211122120000
In base 5, what is 10 + -2404102?
-2404042
In base 7, what is 255 + 15414?
16002
In base 3, what is 1002100221211 + 1?
1002100221212
In base 10, what is 328 - 940?
-612
In base 3, what is -2220102 - -12101?
-2201001
In base 10, what is -947374 + -5?
-947379
In base 15, what is -e + 1bb0?
1ba1
In base 10, what is -11270320 - 2?
-11270322
In base 16, what is 2 + aebd?
aebf
In base 8, what is -7767 - 10?
-7777
In base 11, what is 645175 - 5?
645170
In base 8, what is 3 - 3373?
-3370
In base 5, what is 104012132 - 0?
104012132
In base 11, what is 101946 + 5?
101950
In base 9, what is -4425 + -28?
-4454
In base 12, what is 18 - -27b?
297
In base 11, what is 1227 - -29?
1255
In base 13, what is 214 + -39?
1a8
In base 13, what is 1 - -544?
545
In base 7, what is 15 + 12506?
12524
In base 2, what is 100 + -1010010101110011?
-1010010101101111
In base 8, what is -1375 - -107?
-1266
In base 16, what is 25 + 2483?
24a8
In base 9, what is -34277 + 157?
-34120
In base 11, what is -1 + -4952?
-4953
In base 13, what is -14b8 - 362?
-184a
In base 14, what is -d0541 + 3?
-d053c
In base 3, what is -122001022 - -1?
-122001021
In base 15, what is -80 - 1d0?
-260
In base 4, what is 1200220 - -202?
1201022
In base 4, what is 1133100023 + -3?
1133100020
In base 9, what is 530 + 30?
560
In base 14, what is -66c + -63?
-6d1
In base 4, what is -10002 - -1011201?
1001133
In base 9, what is 8774 - -101?
8875
In base 5, what is 2331 + 40241?
43122
In base 8, what is 4 + 1473655?
1473661
In base 10, what is -8 - -401?
393
In base 4, what is 13201233 + -10?
13201223
In base 4, what is -3 - -231112?
231103
In base 3, what is -200001 + 221110?
21102
In base 9, what is -4 + -5672?
-5676
In base 16, what is -3 - 2c610?
-2c613
In base 15, what is -365e18 - 5?
-365e1d
In base 2, what is -110 + 10101?
1111
In base 2, what is -11110111000100 - -1111?
-11110110110101
In base 13, what is 32b1 - -37?
3318
In base 13, what is -14 + 7a56?
7a42
In base 11, what is -63 + -1000?
-1063
In base 2, what is -10 - 1001011010011?
-1001011010101
In base 16, what is -a27d9 - 2?
-a27db
In base 12, what i